{"id":523,"date":"2022-01-16T21:46:39","date_gmt":"2022-01-16T21:46:39","guid":{"rendered":"http:\/\/cooperativacercles.org\/?page_id=523"},"modified":"2022-01-25T19:37:24","modified_gmt":"2022-01-25T19:37:24","slug":"matematiques-fisica-i-quimica","status":"publish","type":"page","link":"http:\/\/cooperativacercles.org\/index.php\/matematiques-fisica-i-quimica","title":{"rendered":"MATEM\u00c0TIQUES, F\u00cdSICA I QU\u00cdMICA"},"content":{"rendered":"\n<p>En el moment que es veu que hi ha una aturada en aquestes mat\u00e8ries cal intervenir. Tenim joves que poden ajudar a sortir d&#8217;una situaci\u00f3 que si no s&#8217;interv\u00e9 ajudant en el moment oport\u00fa pot esdevenir un problema m\u00e9s important. Ajudar en aquestes mat\u00e8ries \u00e9s una oportunitat per tal que  l&#8217;estudiant no  &#8220;es bloquegui&#8221;quan t\u00e9 problemes. <\/p>\n","protected":false},"excerpt":{"rendered":"<p>En el moment que es veu que hi ha una aturada en aquestes mat\u00e8ries cal intervenir. Tenim joves que poden &hellip; <\/p>\n","protected":false},"author":1,"featured_media":0,"parent":0,"menu_order":0,"comment_status":"closed","ping_status":"closed","template":"","meta":[],"_links":{"self":[{"href":"http:\/\/cooperativacercles.org\/index.php\/wp-json\/wp\/v2\/pages\/523"}],"collection":[{"href":"http:\/\/cooperativacercles.org\/index.php\/wp-json\/wp\/v2\/pages"}],"about":[{"href":"http:\/\/cooperativacercles.org\/index.php\/wp-json\/wp\/v2\/types\/page"}],"author":[{"embeddable":true,"href":"http:\/\/cooperativacercles.org\/index.php\/wp-json\/wp\/v2\/users\/1"}],"replies":[{"embeddable":true,"href":"http:\/\/cooperativacercles.org\/index.php\/wp-json\/wp\/v2\/comments?post=523"}],"version-history":[{"count":2,"href":"http:\/\/cooperativacercles.org\/index.php\/wp-json\/wp\/v2\/pages\/523\/revisions"}],"predecessor-version":[{"id":611,"href":"http:\/\/cooperativacercles.org\/index.php\/wp-json\/wp\/v2\/pages\/523\/revisions\/611"}],"wp:attachment":[{"href":"http:\/\/cooperativacercles.org\/index.php\/wp-json\/wp\/v2\/media?parent=523"}],"curies":[{"name":"wp","href":"https:\/\/api.w.org\/{rel}","templated":true}]}}